{"id":3650,"date":"2016-02-22T11:48:26","date_gmt":"2016-02-22T10:48:26","guid":{"rendered":"http:\/\/wp2.stvsteinach.ch\/wp2\/?page_id=3650"},"modified":"2016-09-18T11:49:13","modified_gmt":"2016-09-18T09:49:13","slug":"portrait_mr","status":"publish","type":"page","link":"https:\/\/test.stvsteinach.ch\/index.php\/frauen-maenner\/maennerriege\/portrait_mr\/","title":{"rendered":"Portrait M\u00e4nnerriege"},"content":{"rendered":"<div class=\"wpb-content-wrapper\"><p>[vc_row][vc_column][vc_column_text c_id=&#8221;.vc_1465552773216&#8243;]Die M\u00e4nnerriege ist eine starke Gruppe in der STV Steinach-Familie. \u00dcber die Jahre ist eine buntgemischte M\u00e4nnerturngruppe entstanden. Jeden Donnerstag treffen sich zwischen 12 und 18 Turner in der grossen Turnhalle zu Gymnastik, Fitness\u00fcbungen und diversen Spielen wie Volleyball, Basketball, Fussball, Handball, Faustball, Hallenhockey etc. Abwechslungsweise sind die verschiedenen Vorturner f\u00fcr die Gestaltung der Turnstunden verantwortlich. Nach den Turnstunden wird die Kameradschaft beim fr\u00f6hlichen Beisammensein gepflegt und auch gerne gejasst. Singen in der Glinzburg, Jassen und Kegeln, ein Wochenende im Alpstein, der Wintermarsch, der Klausabend mit Partnerin und ein Skiweekend stehen im Jahresprogramm. Eine M\u00e4nnerriegenreise geh\u00f6rt nat\u00fcrlich auch jedes Jahr dazu.<\/p>\n<p>In den Sommerferien treffen sich die M\u00e4nnerriegler zu verschiedenen Aktivit\u00e4ten ausserhalb der Turnhalle, zum Beispiel zum Schwimmen im Bodensee oder zu einer Velotour. Die M\u00e4nnerriege beteiligt sich bei verschiedenen Anl\u00e4ssen des STV in unterst\u00fctzender Form: so bei der Papiersammlung, dem UBS CUP, dem Schnellsten Steinacher. Bei der alle 2 Jahre stattfindenden Turnerunterhaltung beteiligen sich die M\u00e4nnerturner in verschiedenen Ressorts. Und so sind sie ein markanter Eckpfeiler im STV Steinach.[\/vc_column_text][\/vc_column][\/vc_row][vc_row][vc_column][vc_text_separator title=&#8221;Impressionen&#8221; i_icon_fontawesome=&#8221;fa fa-camera-retro&#8221; i_color=&#8221;grey&#8221; border_width=&#8221;4&#8243; add_icon=&#8221;true&#8221;][\/vc_column][\/vc_row][vc_row][vc_column]\n\t\t\t<!-- START Impressionen M\u00e4nnerriege REVOLUTION SLIDER 6.7.3 --><p class=\"rs-p-wp-fix\"><\/p>\n\t\t\t<rs-module-wrap id=\"rev_slider_11_1_wrapper\" data-source=\"gallery\" style=\"visibility:hidden;background:transparent;padding:0;margin:0px auto;margin-top:0;margin-bottom:0;\">\n\t\t\t\t<rs-module id=\"rev_slider_11_1\" class=\" rs-ov-hidden\" style=\"\" data-version=\"6.7.3\">\n\t\t\t\t\t<rs-slides style=\"overflow: hidden; position: absolute;\">\n\t\t\t\t\t\t<rs-slide style=\"position: absolute;\" data-key=\"rs-719\" data-title=\"Slide\" data-thumb=\"\/\/www.stvsteinach.ch\/wp-content\/uploads\/2023\/01\/IMG-20210822-W-A0006-scaled.jpg\" data-anim=\"ms:600;\" data-in=\"o:0;\" data-out=\"a:false;\">\n\t\t\t\t\t\t\t<img decoding=\"async\" src=\"\/\/test.stvsteinach.ch\/wp-content\/plugins\/revslider\/sr6\/assets\/assets\/dummy.png\" alt=\"\" title=\"IMG-20210822-W A0006\" width=\"2560\" height=\"1920\" class=\"rev-slidebg tp-rs-img rs-lazyload\" data-lazyload=\"\/\/www.stvsteinach.ch\/wp-content\/uploads\/2023\/01\/IMG-20210822-W-A0006-scaled.jpg\" data-parallax=\"off\" data-no-retina>\n<!---->\t\t\t\t\t<\/rs-slide>\n\t\t\t\t\t\t<rs-slide style=\"position: absolute;\" data-key=\"rs-1236\" data-title=\"Slide\" data-thumb=\"\/\/www.stvsteinach.ch\/wp-content\/uploads\/2023\/01\/20200822_105403-scaled.jpg\" data-anim=\"ms:600;\" data-in=\"o:0;\">\n\t\t\t\t\t\t\t<img decoding=\"async\" src=\"\/\/test.stvsteinach.ch\/wp-content\/plugins\/revslider\/sr6\/assets\/assets\/dummy.png\" alt=\"\" title=\"20200822_105403\" width=\"2560\" height=\"1244\" class=\"rev-slidebg tp-rs-img rs-lazyload\" data-lazyload=\"\/\/www.stvsteinach.ch\/wp-content\/uploads\/2023\/01\/20200822_105403-scaled.jpg\" data-parallax=\"off\" data-no-retina>\n<!---->\t\t\t\t\t<\/rs-slide>\n\t\t\t\t\t\t<rs-slide style=\"position: absolute;\" data-key=\"rs-1241\" data-title=\"Slide\" data-thumb=\"\/\/www.stvsteinach.ch\/wp-content\/uploads\/2023\/01\/20200822_103033-scaled.jpg\" data-anim=\"ms:600;\" data-in=\"o:0;\">\n\t\t\t\t\t\t\t<img decoding=\"async\" src=\"\/\/test.stvsteinach.ch\/wp-content\/plugins\/revslider\/sr6\/assets\/assets\/dummy.png\" alt=\"\" title=\"20200822_103033\" width=\"2560\" height=\"1244\" class=\"rev-slidebg tp-rs-img rs-lazyload\" data-lazyload=\"\/\/www.stvsteinach.ch\/wp-content\/uploads\/2023\/01\/20200822_103033-scaled.jpg\" data-parallax=\"off\" data-no-retina>\n<!---->\t\t\t\t\t<\/rs-slide>\n\t\t\t\t\t\t<rs-slide style=\"position: absolute;\" data-key=\"rs-1563\" data-title=\"Slide\" data-thumb=\"\/\/www.stvsteinach.ch\/wp-content\/uploads\/2023\/01\/20200823_074905-scaled.jpg\" data-anim=\"ms:600;\" data-in=\"o:0;\">\n\t\t\t\t\t\t\t<img decoding=\"async\" src=\"\/\/test.stvsteinach.ch\/wp-content\/plugins\/revslider\/sr6\/assets\/assets\/dummy.png\" alt=\"\" title=\"20200823_074905\" width=\"2560\" height=\"1244\" class=\"rev-slidebg tp-rs-img rs-lazyload\" data-lazyload=\"\/\/www.stvsteinach.ch\/wp-content\/uploads\/2023\/01\/20200823_074905-scaled.jpg\" data-parallax=\"off\" data-no-retina>\n<!---->\t\t\t\t\t<\/rs-slide>\n\t\t\t\t\t\t<rs-slide style=\"position: absolute;\" data-key=\"rs-1566\" data-title=\"Slide\" data-thumb=\"\/\/www.stvsteinach.ch\/wp-content\/uploads\/2023\/01\/20200823_111337-scaled.jpg\" data-anim=\"ms:600;\" data-in=\"o:0;\">\n\t\t\t\t\t\t\t<img decoding=\"async\" src=\"\/\/test.stvsteinach.ch\/wp-content\/plugins\/revslider\/sr6\/assets\/assets\/dummy.png\" alt=\"\" title=\"20200823_111337\" width=\"2560\" height=\"1244\" class=\"rev-slidebg tp-rs-img rs-lazyload\" data-lazyload=\"\/\/www.stvsteinach.ch\/wp-content\/uploads\/2023\/01\/20200823_111337-scaled.jpg\" data-parallax=\"off\" data-no-retina>\n<!---->\t\t\t\t\t<\/rs-slide>\n\t\t\t\t\t\t<rs-slide style=\"position: absolute;\" data-key=\"rs-1570\" data-title=\"Slide\" data-thumb=\"\/\/www.stvsteinach.ch\/wp-content\/uploads\/2023\/01\/20220911_121307-scaled.jpg\" data-anim=\"ms:600;\" data-in=\"o:0;\">\n\t\t\t\t\t\t\t<img decoding=\"async\" src=\"\/\/test.stvsteinach.ch\/wp-content\/plugins\/revslider\/sr6\/assets\/assets\/dummy.png\" alt=\"\" title=\"20220911_121307\" width=\"1244\" height=\"2560\" class=\"rev-slidebg tp-rs-img rs-lazyload\" data-lazyload=\"\/\/www.stvsteinach.ch\/wp-content\/uploads\/2023\/01\/20220911_121307-scaled.jpg\" data-parallax=\"off\" data-no-retina>\n<!---->\t\t\t\t\t<\/rs-slide>\n\t\t\t\t\t\t<rs-slide style=\"position: absolute;\" data-key=\"rs-1571\" data-title=\"Slide\" data-thumb=\"\/\/www.stvsteinach.ch\/wp-content\/uploads\/2023\/01\/20220911_112522-scaled.jpg\" data-anim=\"ms:600;\" data-in=\"o:0;\">\n\t\t\t\t\t\t\t<img decoding=\"async\" src=\"\/\/test.stvsteinach.ch\/wp-content\/plugins\/revslider\/sr6\/assets\/assets\/dummy.png\" alt=\"\" title=\"20220911_112522\" width=\"2560\" height=\"1244\" class=\"rev-slidebg tp-rs-img rs-lazyload\" data-lazyload=\"\/\/www.stvsteinach.ch\/wp-content\/uploads\/2023\/01\/20220911_112522-scaled.jpg\" data-parallax=\"off\" data-no-retina>\n<!---->\t\t\t\t\t<\/rs-slide>\n\t\t\t\t\t\t<rs-slide style=\"position: absolute;\" data-key=\"rs-1572\" data-title=\"Slide\" data-thumb=\"\/\/www.stvsteinach.ch\/wp-content\/uploads\/2023\/01\/20220910_152458-scaled.jpg\" data-anim=\"ms:600;\" data-in=\"o:0;\">\n\t\t\t\t\t\t\t<img decoding=\"async\" src=\"\/\/test.stvsteinach.ch\/wp-content\/plugins\/revslider\/sr6\/assets\/assets\/dummy.png\" alt=\"\" title=\"20220910_152458\" width=\"1244\" height=\"2560\" class=\"rev-slidebg tp-rs-img rs-lazyload\" data-lazyload=\"\/\/www.stvsteinach.ch\/wp-content\/uploads\/2023\/01\/20220910_152458-scaled.jpg\" data-parallax=\"off\" data-no-retina>\n<!---->\t\t\t\t\t<\/rs-slide>\n\t\t\t\t\t\t<rs-slide style=\"position: absolute;\" data-key=\"rs-1573\" data-title=\"Slide\" data-thumb=\"\/\/www.stvsteinach.ch\/wp-content\/uploads\/2023\/01\/20220910_151943-scaled.jpg\" data-anim=\"ms:600;\" data-in=\"o:0;\">\n\t\t\t\t\t\t\t<img decoding=\"async\" src=\"\/\/test.stvsteinach.ch\/wp-content\/plugins\/revslider\/sr6\/assets\/assets\/dummy.png\" alt=\"\" title=\"20220910_151943\" width=\"1244\" height=\"2560\" class=\"rev-slidebg tp-rs-img rs-lazyload\" data-lazyload=\"\/\/www.stvsteinach.ch\/wp-content\/uploads\/2023\/01\/20220910_151943-scaled.jpg\" data-parallax=\"off\" data-no-retina>\n<!---->\t\t\t\t\t<\/rs-slide>\n\t\t\t\t\t\t<rs-slide style=\"position: absolute;\" data-key=\"rs-1574\" data-title=\"Slide\" data-thumb=\"\/\/www.stvsteinach.ch\/wp-content\/uploads\/2023\/01\/20220910_120554-scaled.jpg\" data-anim=\"ms:600;\" data-in=\"o:0;\">\n\t\t\t\t\t\t\t<img decoding=\"async\" src=\"\/\/test.stvsteinach.ch\/wp-content\/plugins\/revslider\/sr6\/assets\/assets\/dummy.png\" alt=\"\" title=\"20220910_120554\" width=\"1244\" height=\"2560\" class=\"rev-slidebg tp-rs-img rs-lazyload\" data-lazyload=\"\/\/www.stvsteinach.ch\/wp-content\/uploads\/2023\/01\/20220910_120554-scaled.jpg\" data-parallax=\"off\" data-no-retina>\n<!---->\t\t\t\t\t<\/rs-slide>\n\t\t\t\t\t\t<rs-slide style=\"position: absolute;\" data-key=\"rs-1575\" data-title=\"Slide\" data-thumb=\"\/\/www.stvsteinach.ch\/wp-content\/uploads\/2023\/01\/20220910_113641-scaled.jpg\" data-anim=\"ms:600;\" data-in=\"o:0;\" data-out=\"a:false;\">\n\t\t\t\t\t\t\t<img decoding=\"async\" src=\"\/\/test.stvsteinach.ch\/wp-content\/plugins\/revslider\/sr6\/assets\/assets\/dummy.png\" alt=\"\" title=\"20220910_113641\" width=\"1244\" height=\"2560\" class=\"rev-slidebg tp-rs-img rs-lazyload\" data-lazyload=\"\/\/www.stvsteinach.ch\/wp-content\/uploads\/2023\/01\/20220910_113641-scaled.jpg\" data-parallax=\"off\" data-no-retina>\n<!---->\t\t\t\t\t<\/rs-slide>\n\t\t\t\t\t\t<rs-slide style=\"position: absolute;\" data-key=\"rs-1576\" data-title=\"Slide\" data-thumb=\"\/\/www.stvsteinach.ch\/wp-content\/uploads\/2023\/01\/IMG-20210822-WA0001-1.jpg\" data-anim=\"ms:600;\" data-in=\"o:0;\" data-out=\"a:false;\">\n\t\t\t\t\t\t\t<img decoding=\"async\" src=\"\/\/test.stvsteinach.ch\/wp-content\/plugins\/revslider\/sr6\/assets\/assets\/dummy.png\" alt=\"\" title=\"IMG-20210822-WA0001\" width=\"1536\" height=\"2048\" class=\"rev-slidebg tp-rs-img rs-lazyload\" data-lazyload=\"\/\/www.stvsteinach.ch\/wp-content\/uploads\/2023\/01\/IMG-20210822-WA0001-1.jpg\" data-parallax=\"off\" data-no-retina>\n<!---->\t\t\t\t\t<\/rs-slide>\n\t\t\t\t\t\t<rs-slide style=\"position: absolute;\" data-key=\"rs-1580\" data-title=\"Slide\" data-thumb=\"\/\/www.stvsteinach.ch\/wp-content\/uploads\/2023\/01\/20210821_173042-scaled.jpg\" data-anim=\"ms:600;\" data-in=\"o:0;\" data-out=\"a:false;\">\n\t\t\t\t\t\t\t<img decoding=\"async\" src=\"\/\/test.stvsteinach.ch\/wp-content\/plugins\/revslider\/sr6\/assets\/assets\/dummy.png\" alt=\"\" title=\"20210821_173042\" width=\"2560\" height=\"1244\" class=\"rev-slidebg tp-rs-img rs-lazyload\" data-lazyload=\"\/\/www.stvsteinach.ch\/wp-content\/uploads\/2023\/01\/20210821_173042-scaled.jpg\" data-parallax=\"off\" data-no-retina>\n<!---->\t\t\t\t\t<\/rs-slide>\n\t\t\t\t\t\t<rs-slide style=\"position: absolute;\" data-key=\"rs-1581\" data-title=\"Slide\" data-thumb=\"\/\/www.stvsteinach.ch\/wp-content\/uploads\/2023\/01\/20210821_141052-scaled.jpg\" data-anim=\"ms:600;\" data-in=\"o:0;\" data-out=\"a:false;\">\n\t\t\t\t\t\t\t<img decoding=\"async\" src=\"\/\/test.stvsteinach.ch\/wp-content\/plugins\/revslider\/sr6\/assets\/assets\/dummy.png\" alt=\"\" title=\"20210821_141052\" width=\"1244\" height=\"2560\" class=\"rev-slidebg tp-rs-img rs-lazyload\" data-lazyload=\"\/\/www.stvsteinach.ch\/wp-content\/uploads\/2023\/01\/20210821_141052-scaled.jpg\" data-parallax=\"off\" data-no-retina>\n<!---->\t\t\t\t\t<\/rs-slide>\n\t\t\t\t\t\t<rs-slide style=\"position: absolute;\" data-key=\"rs-1582\" data-title=\"Slide\" data-thumb=\"\/\/www.stvsteinach.ch\/wp-content\/uploads\/2023\/01\/20210821_134624-scaled.jpg\" data-anim=\"ms:600;\" data-in=\"o:0;\" data-out=\"a:false;\">\n\t\t\t\t\t\t\t<img decoding=\"async\" src=\"\/\/test.stvsteinach.ch\/wp-content\/plugins\/revslider\/sr6\/assets\/assets\/dummy.png\" alt=\"\" title=\"20210821_134624\" width=\"1244\" height=\"2560\" class=\"rev-slidebg tp-rs-img rs-lazyload\" data-lazyload=\"\/\/www.stvsteinach.ch\/wp-content\/uploads\/2023\/01\/20210821_134624-scaled.jpg\" data-parallax=\"off\" data-no-retina>\n<!---->\t\t\t\t\t<\/rs-slide>\n\t\t\t\t\t\t<rs-slide style=\"position: absolute;\" data-key=\"rs-1583\" data-title=\"Slide\" data-thumb=\"\/\/www.stvsteinach.ch\/wp-content\/uploads\/2023\/01\/20210821_134401-scaled.jpg\" data-anim=\"ms:600;\" data-in=\"o:0;\" data-out=\"a:false;\">\n\t\t\t\t\t\t\t<img decoding=\"async\" src=\"\/\/test.stvsteinach.ch\/wp-content\/plugins\/revslider\/sr6\/assets\/assets\/dummy.png\" alt=\"\" title=\"20210821_134401\" width=\"2560\" height=\"1244\" class=\"rev-slidebg tp-rs-img rs-lazyload\" data-lazyload=\"\/\/www.stvsteinach.ch\/wp-content\/uploads\/2023\/01\/20210821_134401-scaled.jpg\" data-parallax=\"off\" data-no-retina>\n<!---->\t\t\t\t\t<\/rs-slide>\n\t\t\t\t\t\t<rs-slide style=\"position: absolute;\" data-key=\"rs-1585\" data-title=\"Slide\" data-thumb=\"\/\/www.stvsteinach.ch\/wp-content\/uploads\/2023\/01\/20210821_091937-scaled.jpg\" data-anim=\"ms:600;\" data-in=\"o:0;\" data-out=\"a:false;\">\n\t\t\t\t\t\t\t<img decoding=\"async\" src=\"\/\/test.stvsteinach.ch\/wp-content\/plugins\/revslider\/sr6\/assets\/assets\/dummy.png\" alt=\"\" title=\"20210821_091937\" width=\"1244\" height=\"2560\" class=\"rev-slidebg tp-rs-img rs-lazyload\" data-lazyload=\"\/\/www.stvsteinach.ch\/wp-content\/uploads\/2023\/01\/20210821_091937-scaled.jpg\" data-parallax=\"off\" data-no-retina>\n<!---->\t\t\t\t\t<\/rs-slide>\n\t\t\t\t\t<\/rs-slides>\n\t\t\t\t<\/rs-module>\n\t\t\t\t<script>\n\t\t\t\t\tsetREVStartSize({c: 'rev_slider_11_1',rl:[1240,1024,778,480],el:[450],gw:[600],gh:[450],type:'carousel',justify:'',layout:'fullwidth',mh:\"0\"});if (window.RS_MODULES!==undefined && window.RS_MODULES.modules!==undefined && window.RS_MODULES.modules[\"revslider111\"]!==undefined) {window.RS_MODULES.modules[\"revslider111\"].once = false;window.revapi11 = undefined;if (window.RS_MODULES.checkMinimal!==undefined) window.RS_MODULES.checkMinimal()}\n\t\t\t\t<\/script>\n\t\t\t<\/rs-module-wrap>\n\t\t\t<!-- END REVOLUTION SLIDER -->\n[\/vc_column][\/vc_row][vc_row][vc_column][ivan_call_action heading=&#8221;Trainingszeit&#8221; type=&#8221;with-icon&#8221; desc=&#8221;Donnerstags, 20:00 Uhr bis 22:00 Uhr<br \/>\nin der grossen Turnhalle Steinach&#8221; c_id=&#8221;.vc_1456139049486&#8243; ico=&#8221;share&#8221;][\/ivan_call_action][ivan_gmap grayscale=&#8221;yes&#8221; marker=&#8221;yes&#8221; c_id=&#8221;.vc_1464118518159&#8243; lat=&#8221;47.498793&#8243; long=&#8221;9.437964&#8243; zoom=&#8221;16&#8243;][\/vc_column][\/vc_row]<\/p>\n<\/div>","protected":false},"excerpt":{"rendered":"<p>[vc_row][vc_column][vc_column_text c_id=&#8221;.vc_1465552773216&#8243;]Die M\u00e4nnerriege ist eine starke Gruppe in der STV Steinach-Familie. \u00dcber die Jahre ist eine buntgemischte M\u00e4nnerturngruppe entstanden. Jeden Donnerstag treffen sich zwischen 12 und 18 Turner in der [&hellip;]<\/p>\n","protected":false},"author":1,"featured_media":0,"parent":3438,"menu_order":0,"comment_status":"closed","ping_status":"closed","template":"page-templates\/page-right.php","meta":{"footnotes":""},"class_list":["post-3650","page","type-page","status-publish","hentry","no-thumbnail"],"aioseo_notices":[],"_links":{"self":[{"href":"https:\/\/test.stvsteinach.ch\/index.php\/wp-json\/wp\/v2\/pages\/3650","targetHints":{"allow":["GET"]}}],"collection":[{"href":"https:\/\/test.stvsteinach.ch\/index.php\/wp-json\/wp\/v2\/pages"}],"about":[{"href":"https:\/\/test.stvsteinach.ch\/index.php\/wp-json\/wp\/v2\/types\/page"}],"author":[{"embeddable":true,"href":"https:\/\/test.stvsteinach.ch\/index.php\/wp-json\/wp\/v2\/users\/1"}],"replies":[{"embeddable":true,"href":"https:\/\/test.stvsteinach.ch\/index.php\/wp-json\/wp\/v2\/comments?post=3650"}],"version-history":[{"count":0,"href":"https:\/\/test.stvsteinach.ch\/index.php\/wp-json\/wp\/v2\/pages\/3650\/revisions"}],"up":[{"embeddable":true,"href":"https:\/\/test.stvsteinach.ch\/index.php\/wp-json\/wp\/v2\/pages\/3438"}],"wp:attachment":[{"href":"https:\/\/test.stvsteinach.ch\/index.php\/wp-json\/wp\/v2\/media?parent=3650"}],"curies":[{"name":"wp","href":"https:\/\/api.w.org\/{rel}","templated":true}]}}